{"id":680,"date":"2018-11-22T11:05:06","date_gmt":"2018-11-22T11:05:06","guid":{"rendered":"http:\/\/www.flowersofsoul.com\/m\/?page_id=680"},"modified":"2018-11-23T09:23:34","modified_gmt":"2018-11-23T09:23:34","slug":"confidentialitate","status":"publish","type":"page","link":"https:\/\/www.flowersofsoul.com\/m\/confidentialitate\/","title":{"rendered":"Confiden\u021bialitate"},"content":{"rendered":"<p>Sec\u021biunea 1 \u2013 <strong>Ce facem cu informa\u021biile dvs.?<\/strong><br \/>\nC\u00e2nd achizi\u021biona\u021bi ceva din magazinul nostru, ca parte a procesului de cump\u0103rare \u0219i v\u00e2nzare, colect\u0103m informa\u021biile personale pe care ni le furniza\u021bi, cum ar fi numele, adresa \u0219i adresa dvs. de e-mail.<br \/>\nC\u00e2nd navigati magazinul nostru, primim, de asemenea, \u00een mod automat adresa IP a computerului dvs. pentru a ne furniza informa\u021bii care ne ajut\u0103 s\u0103 \u00eenv\u0103\u021b\u0103m despre browserul \u0219i sistemul de operare folosit.<br \/>\nCu permisiunea dvs., v\u0103 putem trimite e-mailuri despre magazin, produse noi \u0219i alte actualiz\u0103ri.<\/p>\n<p>Sec\u021biunea 2 \u2013 <strong>Consim\u021b\u0103m\u00e2nt<\/strong><br \/>\nCum ob\u021bii consim\u021b\u0103m\u00e2ntul meu?<br \/>\nC\u00e2nd ne oferi\u021bi informa\u021bii personale pentru a finaliza o tranzac\u021bie, verifica\u021bi cardul dvs. de credit, plasa\u021bi o comand\u0103, stabiliti o livrare sau returna\u021bi o achizi\u021bie, ne asumam c\u0103 sunte\u021bi de acord s\u0103 colect\u0103m \u0219i s\u0103 folosim datele doar pentru acest motiv.<br \/>\nDac\u0103 v\u0103 cerem informa\u021biile dvs. personale dintr-un motiv secundar, cum ar fi marketingul, v\u0103 vom solicita direct acordul expres sau v\u0103 vom oferi posibilitatea de a spune nu.<br \/>\nCum \u00eemi retrag consim\u021b\u0103m\u00e2ntul?<br \/>\nDac\u0103 v\u0103 r\u0103zg\u00e2ndi\u021bi dup\u0103 ce v\u0103 \u00eenscrie\u021bi, v\u0103 pute\u021bi retrage consim\u021b\u0103m\u00e2ntul pentru a v\u0103 contacta, pentru continuarea colect\u0103rii, utiliz\u0103rii sau dezv\u0103luirii informa\u021biilor dvs., \u00een orice moment, contact\u00e2nd-ne la adresa <a href=\"mailto:contact@flowersofsoul.com\">contact@flowersofsoul.com<\/a>.<\/p>\n<p>Sec\u021biunea 3 \u2013 <strong>Dezv\u0103luirea<\/strong><br \/>\nPutem dezv\u0103lui informa\u021biile dvs. personale dac\u0103 suntem obliga\u021bi prin lege s\u0103 facem acest lucru sau dac\u0103 \u00eenc\u0103lca\u021bi Termenii \u0219i condi\u021biile noastre.<\/p>\n<p>Sec\u021biunea 4 \u2013 <strong>WordPress<\/strong><br \/>\nMagazinul nostru este g\u0103zduit pe platforma WordPress. WordPress ne ofera o platforma online de comer\u021b electronic \u2013 Woocommerce \u2013 care ne permite s\u0103 vindem produsele \u0219i serviciile noastre. Datele dvs. sunt stocate prin intermediul memoriei de date WordPress, bazelor de date \u0219i aplica\u021biei generale Woocommerce. Ele stocheaz\u0103 datele pe un server securizat \u00een spatele unui paravan de protec\u021bie.<br \/>\nPlata:<br \/>\nDac\u0103 alege\u021bi un gateway de plat\u0103 direct\u0103 pentru a finaliza achizi\u021bia, atunci MobilPay stocheaz\u0103 datele c\u0103r\u021bii dvs. de credit. Este criptat prin Standardul de securitate a datelor privind cardul de plat\u0103 (PCI-DSS). Datele tranzac\u021biei de achizi\u021bie sunt stocate numai at\u00e2ta timp c\u00e2t este necesar pentru finalizarea tranzac\u021biei de cump\u0103rare. Dup\u0103 ce tranzactia este complet\u0103, informa\u021biile despre tranzac\u021bia de cump\u0103rare sunt \u0219terse.<br \/>\nToate gateway-urile de plat\u0103 directe sunt aduse aici la standardele stabilite de PCI-DSS, astfel cum sunt gestionate de PCI Security Standards Council, un efort comun al m\u0103rcilor precum Visa, MasterCard, American Express \u0219i Discover. Cerin\u021bele PCI-DSS ajut\u0103 la asigurarea unei manipul\u0103ri sigure a informa\u021biilor despre c\u0103r\u021bile de credit de c\u0103tre magazinul nostru \u0219i furnizorii s\u0103i de servicii.<\/p>\n<p>Sec\u021biunea 5 \u2013 <strong>Servicii ter\u021be<\/strong><br \/>\n\u00cen general, furnizorii ter\u021b\u0103 parte utiliza\u021bi de noi vor colecta, utiliza \u0219i dezv\u0103lui informa\u021biile dvs. numai \u00een m\u0103sura necesar\u0103 pentru a le permite s\u0103 realizeze serviciile pe care le furnizeaz\u0103.<br \/>\nCu toate acestea, anumi\u021bi furnizori de servicii ter\u021be, cum ar fi gateway-urile de plat\u0103 \u0219i al\u021bi procesatori de tranzac\u021bii de plat\u0103, au propriile politici de confiden\u021bialitate cu privire la informa\u021biile pe care trebuie s\u0103 le furniz\u0103m pentru tranzac\u021biile legate de achizi\u021bii.<br \/>\nPentru ace\u0219ti furnizori, v\u0103 recomand\u0103m s\u0103 citi\u021bi politicile de confiden\u021bialitate pentru a \u00een\u021belege modul \u00een care informa\u021biile dvs. personale vor fi gestionate de ace\u0219ti furnizori.<br \/>\n\u00cen special, re\u021bine\u021bi c\u0103 anumi\u021bi furnizori pot fi localiza\u021bi sau au facilit\u0103\u021bi care se afl\u0103 sub jurisdic\u021bie diferit\u0103 fie fata de dvs., fie fata de noi. Deci, dac\u0103 alege\u021bi s\u0103 efectua\u021bi o tranzac\u021bie care implic\u0103 serviciile unui furnizor de servicii ter\u021be, atunci informa\u021biile dvs. pot deveni supuse legilor jurisdic\u021biei \u00een care este localizat respectivul furnizor de servicii sau facilit\u0103\u021bile sale.<br \/>\nDe exemplu, dac\u0103 v\u0103 afla\u021bi \u00een Marea Britanie \u0219i tranzac\u021bia dvs. este procesat\u0103 de un gateway de plat\u0103 aflat \u00een Statele Unite, informa\u021biile dvs. personale utilizate pentru completarea tranzac\u021biei respective pot face obiectul divulg\u0103rii \u00een conformitate cu legisla\u021bia Statelor Unite, inclusiv Actul Patriot. Dup\u0103 ce p\u0103r\u0103si\u021bi site-ul Web al magazinului sau sunteti redirec\u021biona\u021bi c\u0103tre un site sau o aplica\u021bie ter\u021b\u0103 parte, nu mai sunte\u021bi reglementat de aceast\u0103 Politic\u0103 de confiden\u021bialitate sau de Termenii \u0219i condi\u021biile site-ului nostru.<br \/>\nLink-uri<br \/>\nC\u00e2nd face\u021bi clic pe link-urile de pe magazinul nostru, acestea v\u0103 pot \u00eendep\u0103rta de pe site-ul nostru. Nu suntem responsabili pentru practicile de confiden\u021bialitate ale altor site-uri \u0219i v\u0103 \u00eencuraj\u0103m s\u0103 citi\u021bi declara\u021biile de confiden\u021bialitate ale acestora.<\/p>\n<p>Sec\u021biunea 6 \u2013 <strong>Securitate<\/strong><br \/>\nPentru a v\u0103 proteja informa\u021biile personale, lu\u0103m m\u0103suri de precau\u021bie rezonabile \u0219i respect\u0103m cele mai bune practici din domeniu pentru a ne asigura c\u0103 nu sunt pierdute \u00een mod necorespunz\u0103tor, utilizate necorespunz\u0103tor, accesate, dezv\u0103luite, modificate sau distruse.<br \/>\nDac\u0103 ne furniza\u021bi informa\u021biile despre cardul dvs. de credit, informa\u021biile sunt criptate utiliz\u00e2nd tehnologia securizat\u0103 a socketului (SSL) \u0219i stocate cu o criptare SHA-256. De\u0219i nici o metod\u0103 de transmitere prin Internet sau stocare electronic\u0103 nu este 100% sigur\u0103, noi respect\u0103m toate cerin\u021bele PCI-DSS \u0219i implement\u0103m standarde industriale suplimentare acceptate.<\/p>\n<p>Sec\u021biunea 7 \u2013 <strong>Cookie-uri<\/strong><br \/>\nSite-ul nostru utilizeaz\u0103 diferite tipuri diferite de cookie-uri \u0219i tehnologii similare, fiecare dintre acestea av\u00e2nd o func\u021bie diferit\u0103 dup\u0103 cum se arat\u0103 mai jos:<br \/>\nCookie-uri func\u021bionale care permit site-ului s\u0103 v\u0103 recunoasc\u0103 de fiecare dat\u0103 c\u00e2nd accesa\u021bi site-ul web, astfel \u00eenc\u00e2t s\u0103 nu trebuie s\u0103 introduce\u021bi detaliile de conectare de fiecare dat\u0103.<br \/>\nDac\u0103 a\u021bi ad\u0103ugat articole \u00een co\u0219ul dvs. \u0219i a\u021bi \u00eenchis sesiunea f\u0103r\u0103 a finaliza achizi\u021bia, dar nu a\u021bi eliminat articolele din co\u0219ul dvs., aceste cookie-uri v\u0103 permit s\u0103 continua\u021bi s\u0103 face\u021bi cump\u0103r\u0103turi cu acela\u0219i co\u0219 la urm\u0103toarea vizit\u0103 a site-ului \u00eentr-o perioad\u0103 rezonabil\u0103 de timp.<br \/>\nAceste cookie-uri NU sunt esen\u021biale pentru ca site-ul s\u0103 func\u021bioneze, dar \u00eembun\u0103t\u0103\u021besc site-ul \u0219i experien\u021ba de navigare.<br \/>\nCookie-urile analitice utilizate de exemplu de Google Analytics pentru a efectua analize statistice ale modului \u00een care utilizatorii utilizeaz\u0103 site-ul nostru prin intermediul computerelor sau prin intermediul aplica\u021biilor noastre mobile, cum ar fi num\u0103rul de pagini pe care un utilizator le-a vizitat sau num\u0103rul de clicuri efectuate pe un mouse \u00een timpul utiliz\u0103rii site-ului web. \u00cen astfel de situa\u021bii, deilanistore proceseaz\u0103 rezultatele acestor analize \u00eentr-un mod anonim \u0219i numai \u00een scopuri statistice, cu condi\u021bia ca furnizorul de servicii s\u0103 utilizeze modulele cookie \u00een leg\u0103tur\u0103 cu browserul instalat pe calculatorul dvs. sau cu alt dispozitiv utilizat pentru navigarea pe site-ul nostru.<br \/>\nFi\u0219iere de tip cookie absolut necesare v\u0103 permit s\u0103 naviga\u021bi pe Website \u0219i s\u0103 \u00eei utiliza\u021bi func\u021biile de baz\u0103. De obicei, acestea sunt instalate doar ca r\u0103spuns la ac\u021biunile efectuate de dvs. care echivaleaz\u0103 cu o cerere de servicii. Aceste fi\u0219iere de tip cookie sunt indispensabile pentru utilizarea Website-urilor.<br \/>\nFi\u0219iere de tip cookie analitice \u0219i privind performan\u021ba ne permit s\u0103 recunoa\u0219tem \u0219i s\u0103 num\u0103r\u0103m utilizatorii \u0219i s\u0103 colect\u0103m informa\u021bii despre modul \u00een care este utilizat Website-ul (de exemplu, paginile pe care un utilizator le deschide cel mai des \u0219i dac\u0103 utilizatorul prime\u0219te mesaje de eroare de la anumite pagini). Aceasta ne ajut\u0103 s\u0103 \u00eembun\u0103t\u0103\u021bim modul \u00een care func\u021bioneaz\u0103 Website-ul nostru, de exemplu, asigur\u00e2nd c\u0103 pute\u021bi g\u0103si u\u0219or ceea ce c\u0103uta\u021bi. Perioada de expirare a acestor fi\u0219iere de tip cookie este de maximum 2 ani. \u00cen ceea ce prive\u015fte third-party cookies, perioada de expirare poate s\u0103 varieze \u015fi \u00een unele cazuri poate dep\u0103\u015fi 2 ani.<br \/>\nFi\u0219iere de tip cookie privind marketing \u0219i identificarea publicului \u021bint\u0103 \u00eenregistreaz\u0103 vizita dvs. pe Website-ul nostru, paginile pe care le-a\u021bi vizitat \u0219i link-urile pe care le-a\u021bi accesat. Vom utiliza aceste informa\u021bii pentru a oferi reclame mai relevante pentru dvs. \u0219i interesele dvs. De asemenea, acestea sunt utilizate pentru a limita frecven\u021ba cu care pute\u021bi vedea o reclam\u0103 \u0219i pentru a ajuta la m\u0103surarea eficien\u021bei campaniilor publicitare. De asemenea, putem \u00eemp\u0103rt\u0103\u0219i aceste informa\u021bii cu ter\u021be-p\u0103r\u021bi (cum ar fi agen\u021bii de publicitate) \u00een acest scop. Perioada de expirare a acestor fi\u0219iere de tip cookie este de maximum 2 ani. \u00cen ceea ce prive\u015fte third-party cookies, perioada de expirare poate s\u0103 varieze \u015fi \u00een unele cazuri poate dep\u0103\u015fi 2 ani.<br \/>\nFi\u0219iere de tip cookie privind re\u021belele sociale v\u0103 permit s\u0103 \u00eemp\u0103rt\u0103\u0219i\u021bi pe site-ul web activitatea dvs. pe re\u021bele sociale, cum ar fi Facebook \u0219i Instagram. Aceste fi\u0219iere de tip cookie nu sunt controlate de c\u0103tre noi.<br \/>\nAlte tipuri de fi\u0219iere de tip cookie care pot fi utilizate ulterior. V\u0103 vom informa prin politicile noastre actualizate dac\u0103 sunt utilizate orice alte tipuri de cookies.<br \/>\nCele mai multe browsere web sunt configurate pentru a accepta automat cookie-urile. Cu toate acestea, majoritatea browserelor web permit controlul majorit\u0103\u021bii cookie-urilor prin set\u0103rile browserului, inclusiv dezactivarea cookie-urilor \u00een orice moment. Cu toate acestea, dorim s\u0103 v\u0103 con\u0219tientiz\u0103m c\u0103 dezactivarea cookie-urilor tehnice \/ cookie-urilor de navigare sau a cookie-urilor func\u021bionale poate \u00eempiedica func\u021bionarea corect\u0103 a site-ului nostru \u0219i \/ sau nu v\u0103 poate permite s\u0103 beneficia\u021bi \u00een totalitate \u0219i eficient de serviciile pe care le oferim.<br \/>\n\u00cen cazul \u00een care dori\u021bi s\u0103 elimina\u021bi fi\u0219ierele de tip cookie stocate pe dispozitivele dvs. \u0219i s\u0103 configura\u021bi browserul dvs. web astfel \u00eenc\u00e2t s\u0103 refuze fi\u0219iere de tip cookie, pute\u021bi s\u0103 utiliza\u021bi set\u0103rile privind preferin\u021bele din browser-ul dvs. web. De  obicei, pute\u021bi g\u0103si set\u0103rile de navigare referitoare la fi\u0219iere de tip cookie \u00een meniurile \u201eOp\u021biuni\u201d, \u201eInstrumente\u201d sau \u201ePreferin\u021be\u201d din browserul web pe  care \u00eel utiliza\u021bi pentru a accesa Website-urile noastre. \u00cen func\u021bie de browserele web existente, pot fi utilizate mijloace diverse pentru a dezactiva fi\u0219ierele de tip cookie. Pentru a ob\u021bine mai multe informa\u021bii, v\u0103 rug\u0103m s\u0103 vizita\u021bi website-ul browserelor dvs.:<br \/>\n\u2022\tSet\u0103ri cookie \u00een Internet Explorer \u2013 Internet Explorer;<br \/>\n\u2022\tSet\u0103ri cookie \u00een Firefox \u2013 Firefox;<br \/>\n\u2022\tSet\u0103ri cookie \u00een Chrome \u2013 Chrome;<br \/>\n\u2022\tSet\u0103ri cookie \u00een Safari \u2013 Safari;<br \/>\n\u2022\tSet\u0103ri cookie \u00een Edge \u2013 Edge;<br \/>\n\u2022\tSet\u0103ri cookie \u00een Opera \u2013 Opera.<\/p>\n<p>Sec\u021biunea 8 \u2013 <strong>v\u00e2rsta consim\u021b\u0103m\u00e2ntului<\/strong><br \/>\nPrin utilizarea acestui site, considera\u021bi c\u0103 sunte\u021bi cel pu\u021bin v\u00e2rsta majoratului \u00een statul sau provincia dvs. de re\u0219edin\u021b\u0103 \u0219i ne-a\u021bi dat acordul dvs. pentru a permite oricare dintre persoanele tinere minore s\u0103 utilizeze acest site.<\/p>\n<p>Sec\u021biunea 9 \u2013 <strong>Modific\u0103ri ale acestei politici de confiden\u021bialitate<\/strong><br \/>\nNe rezerv\u0103m dreptul de a modifica oric\u00e2nd aceast\u0103 politic\u0103 de confiden\u021bialitate, deci v\u0103 rug\u0103m s\u0103 o consulta\u021bi frecvent. Modific\u0103rile \u0219i clarific\u0103rile vor intra \u00een vigoare imediat dup\u0103 ce vor fi postate pe site. Dac\u0103 vom face modific\u0103ri substan\u021biale la aceast\u0103 politic\u0103, v\u0103 vom anun\u021ba c\u0103 a fost actualizat\u0103, astfel \u00eenc\u00e2t s\u0103 \u0219ti\u021bi ce informa\u021bii colect\u0103m, cum le folosim \u0219i \u00een ce circumstan\u021be, dac\u0103 este cazul, le folosim \u0219i \/ sau dezv\u0103luim aceasta. Dac\u0103 magazinul nostru este achizi\u021bionat sau fuzionat cu o alt\u0103 companie, informa\u021biile dvs. pot fi transferate noilor proprietari, astfel \u00eenc\u00e2t s\u0103 putem continua s\u0103 v\u0103 vindem produse.<br \/>\n\u00centreb\u0103ri \u0219i informa\u021bii de contact<br \/>\nDac\u0103 dori\u021bi s\u0103 accesa\u021bi, s\u0103 corecta\u021bi, s\u0103 modifica\u021bi sau s\u0103 \u0219terge\u021bi orice informa\u021bii personale pe care le avem despre dvs., s\u0103 v\u0103 \u00eenregistra\u021bi o pl\u00e2ngere sau pur \u0219i simplu dori\u021bi mai multe informa\u021bii, contacta\u021bi-ne la <a href=\"mailto:contact@flowersofsoul.com\">contact@flowersofsoul.com<\/a> sau prin telefon <a href=\"http:\/\/Tel:0760881228\">0760881228<\/a>.<\/p>\n","protected":false},"excerpt":{"rendered":"<p>Sec\u021biunea 1 \u2013 Ce facem cu informa\u021biile dvs.? C\u00e2nd achizi\u021biona\u021bi ceva din magazinul nostru, ca parte a procesului de cump\u0103rare \u0219i v\u00e2nzare, colect\u0103m informa\u021biile personale pe care ni le furniza\u021bi, cum ar fi numele, adresa \u0219i adresa dvs. de e-mail. C\u00e2nd navigati magazinul nostru, primim, de asemenea, \u00een mod automat adresa IP a computerului dvs. [&hellip;]<\/p>\n","protected":false},"author":1,"featured_media":0,"parent":0,"menu_order":0,"comment_status":"closed","ping_status":"closed","template":"","meta":{"footnotes":""},"class_list":["post-680","page","type-page","status-publish","hentry"],"_links":{"self":[{"href":"https:\/\/www.flowersofsoul.com\/m\/wp-json\/wp\/v2\/pages\/680","targetHints":{"allow":["GET"]}}],"collection":[{"href":"https:\/\/www.flowersofsoul.com\/m\/wp-json\/wp\/v2\/pages"}],"about":[{"href":"https:\/\/www.flowersofsoul.com\/m\/wp-json\/wp\/v2\/types\/page"}],"author":[{"embeddable":true,"href":"https:\/\/www.flowersofsoul.com\/m\/wp-json\/wp\/v2\/users\/1"}],"replies":[{"embeddable":true,"href":"https:\/\/www.flowersofsoul.com\/m\/wp-json\/wp\/v2\/comments?post=680"}],"version-history":[{"count":3,"href":"https:\/\/www.flowersofsoul.com\/m\/wp-json\/wp\/v2\/pages\/680\/revisions"}],"predecessor-version":[{"id":694,"href":"https:\/\/www.flowersofsoul.com\/m\/wp-json\/wp\/v2\/pages\/680\/revisions\/694"}],"wp:attachment":[{"href":"https:\/\/www.flowersofsoul.com\/m\/wp-json\/wp\/v2\/media?parent=680"}],"curies":[{"name":"wp","href":"https:\/\/api.w.org\/{rel}","templated":true}]}}