{"id":17219,"date":"2024-02-08T21:08:43","date_gmt":"2024-02-08T19:08:43","guid":{"rendered":"https:\/\/www.flowersofsoul.com\/m\/?post_type=product&#038;p=17219"},"modified":"2026-01-31T12:07:38","modified_gmt":"2026-01-31T10:07:38","slug":"aranjament-floral-cu-lalele-boboane-de-ciocolata-si-muse-night-rose","status":"publish","type":"product","link":"https:\/\/www.flowersofsoul.com\/m\/produs\/aranjament-floral-cu-lalele-boboane-de-ciocolata-si-muse-night-rose\/","title":{"rendered":"Aranjament floral cu lalele, boboane de ciocolat\u0103 \u0219i Muse Night Rose"},"content":{"rendered":"<p>   Aranjament floral realizat \u00een cutie de catifea, alc\u0103tuit din 15 lalele fucsia, frunze de eucalipt \u0219i alte materiale pentru sus\u021binere.<br \/>\n   Dimensiune cutie f\u0103r\u0103 flori: 12 cm diametru x 12 cm \u00een\u0103l\u021bime.<br \/>\n   Lalele pot fi albe, roz sau fucsia. \u00cen func\u021bie de stocul disponibil.<\/p>\n<p>   Colec\u021bia Reca\u0219 Muse este prezentat\u0103 \u00een dou\u0103 variante rose: Muse Night \u0219i Muse Day. Muse Night este un sortiment elegant, pl\u0103cut \u0219i u\u0219or de b\u0103ut.<br \/>\n   Note bogate \u0219i captivante de fructe ro\u0219ii, \u00eenv\u0103luite \u00een accente de fructe tropicale.<br \/>\n   Un buchet proasp\u0103t \u0219i vioi, unde se reg\u0103sesc arome de cire\u0219e, rodie, fructul pasiunii, petale de trandafir \u0219i zmeur\u0103.<br \/>\nDemisec \/ 0,75 L<\/p>\n<p>   Recomand\u0103m plasarea comenzii cu 2-3 zile \u00een avans. Lucr\u0103m doar pe baz\u0103 de comand\u0103 pentru a oferi cele mai proaspete flori.<\/p>\n<p><strong>Cump\u0103rarea unui produs presupune c\u0103 a\u021bi citit \u0219i sunte\u021bi de acord cu termenii \u0219i condi\u021biile prezentate pe acest site.<\/strong><\/p>\n","protected":false},"excerpt":{"rendered":"<p>TVA inclus<br \/>\nDisponibil doar la comand\u0103.<br \/>\nLivr\u0103m doar \u00een Bucure\u0219ti \u0219i Ilfov.<br \/>\nPentru comenzi mai mari de 300 lei, livrarea este gratuit\u0103 \u00een Bucure\u0219ti.<br \/>\nLivr\u0103m personal la adresa stabilit\u0103.<br \/>\nConfirmare de livrare prin SMS.<br \/>\nFelicitare cadou.<\/p>\n","protected":false},"featured_media":17222,"template":"","meta":[],"product_brand":[],"product_cat":[169,35,33,36],"product_tag":[59,57,62,51,56,58],"class_list":{"0":"post-17219","1":"product","2":"type-product","3":"status-publish","4":"has-post-thumbnail","6":"product_cat-aranjamente-florale","7":"product_cat-1-si-8-martie-sarbatori","8":"product_cat-valentines-day-sarbatori","9":"product_cat-paste-sarbatori","10":"product_tag-1-si-8-martie","11":"product_tag-florii","12":"product_tag-pachet-aniversar","13":"product_tag-sarbatori","14":"product_tag-valentines-day","15":"product_tag-ziua-femeii","17":"first","18":"instock","19":"shipping-taxable","20":"purchasable","21":"product-type-simple"},"_links":{"self":[{"href":"https:\/\/www.flowersofsoul.com\/m\/wp-json\/wp\/v2\/product\/17219","targetHints":{"allow":["GET"]}}],"collection":[{"href":"https:\/\/www.flowersofsoul.com\/m\/wp-json\/wp\/v2\/product"}],"about":[{"href":"https:\/\/www.flowersofsoul.com\/m\/wp-json\/wp\/v2\/types\/product"}],"wp:featuredmedia":[{"embeddable":true,"href":"https:\/\/www.flowersofsoul.com\/m\/wp-json\/wp\/v2\/media\/17222"}],"wp:attachment":[{"href":"https:\/\/www.flowersofsoul.com\/m\/wp-json\/wp\/v2\/media?parent=17219"}],"wp:term":[{"taxonomy":"product_brand","embeddable":true,"href":"https:\/\/www.flowersofsoul.com\/m\/wp-json\/wp\/v2\/product_brand?post=17219"},{"taxonomy":"product_cat","embeddable":true,"href":"https:\/\/www.flowersofsoul.com\/m\/wp-json\/wp\/v2\/product_cat?post=17219"},{"taxonomy":"product_tag","embeddable":true,"href":"https:\/\/www.flowersofsoul.com\/m\/wp-json\/wp\/v2\/product_tag?post=17219"}],"curies":[{"name":"wp","href":"https:\/\/api.w.org\/{rel}","templated":true}]}}