{"id":18725,"date":"2025-11-21T23:31:33","date_gmt":"2025-11-21T21:31:33","guid":{"rendered":"https:\/\/www.flowersofsoul.com\/m\/?post_type=product&#038;p=18725"},"modified":"2025-11-21T23:34:56","modified_gmt":"2025-11-21T21:34:56","slug":"aranjament-pentru-craciun-cu-ren","status":"publish","type":"product","link":"https:\/\/www.flowersofsoul.com\/m\/produs\/aranjament-pentru-craciun-cu-ren\/","title":{"rendered":"Aranjament pentru Cr\u0103ciun cu ren"},"content":{"rendered":"<p>Aranjament pentru Cr\u0103ciun realizat cu brad natural, \u00een cutie de catifea, alc\u0103tuit din globuri de sticl\u0103, stelu\u021be din lemn, scor\u021bi\u0219oar\u0103, felii de portocale, lagurus, frunze de palmier, nuci \u0219i lum\u00e2nare din cear\u0103 natural\u0103 de soia sub form\u0103 de ren. Produsul din imagine poate suporta modific\u0103ri.<br \/>\nDimensiune cutie din catifea f\u0103r\u0103 brad: 15cm diametru x 13cm \u00een\u0103l\u021bime.<\/p>\n<p>Lum\u00e2narea este din cear\u0103 de soia, 100% natural\u0103, turnat\u0103 \u0219i realizat\u0103 manual. Ceara de soia nu este cancerigen\u0103 \u015fi nu eman\u0103 compu\u015fi toxici la ardere. Este un produs ecologic.<br \/>\nParfumul lum\u00e2n\u0103rii este specific s\u0103rb\u0103torilor de iarn\u0103 (scor\u021bi\u0219oar\u0103, vanilie, brad \u0219i portocale).<br \/>\nCeara de soia este ecologic\u0103 \u0219i 100% natural\u0103, ob\u021binut\u0103 din ulei de soia. Pentru a fi un produs 100% ecologic, folosim fitil din in \u0219i bumbac.<\/p>\n<p><strong>Cump\u0103rarea unui produs presupune c\u0103 a\u021bi citit \u0219i sunte\u021bi de acord cu termenii \u0219i condi\u021biile prezentate pe acest site.<\/strong><\/p>\n","protected":false},"excerpt":{"rendered":"<p>TVA inclus<br \/>\nLivrare \u00een 1-2 zile.<br \/>\nLivr\u0103m doar \u00een Bucure\u0219ti \u0219i Ilfov.<br \/>\nPentru comenzi mai mari de 300 lei, livrarea este gratuit\u0103 \u00een Bucure\u0219ti.<br \/>\nLivr\u0103m personal la adresa stabilit\u0103.<br \/>\nConfirmare de livrare prin SMS.<br \/>\nFelicitare cadou.<\/p>\n","protected":false},"featured_media":18722,"template":"","meta":[],"product_brand":[],"product_cat":[37],"product_tag":[255,50,52,51],"class_list":{"0":"post-18725","1":"product","2":"type-product","3":"status-publish","4":"has-post-thumbnail","6":"product_cat-craciun-sarbatori","7":"product_tag-aranjament-pentru-craciun-cu-ren","8":"product_tag-craciun","9":"product_tag-decoratiuni-cu-brad","10":"product_tag-sarbatori","12":"first","13":"instock","14":"shipping-taxable","15":"purchasable","16":"product-type-simple"},"_links":{"self":[{"href":"https:\/\/www.flowersofsoul.com\/m\/wp-json\/wp\/v2\/product\/18725","targetHints":{"allow":["GET"]}}],"collection":[{"href":"https:\/\/www.flowersofsoul.com\/m\/wp-json\/wp\/v2\/product"}],"about":[{"href":"https:\/\/www.flowersofsoul.com\/m\/wp-json\/wp\/v2\/types\/product"}],"wp:featuredmedia":[{"embeddable":true,"href":"https:\/\/www.flowersofsoul.com\/m\/wp-json\/wp\/v2\/media\/18722"}],"wp:attachment":[{"href":"https:\/\/www.flowersofsoul.com\/m\/wp-json\/wp\/v2\/media?parent=18725"}],"wp:term":[{"taxonomy":"product_brand","embeddable":true,"href":"https:\/\/www.flowersofsoul.com\/m\/wp-json\/wp\/v2\/product_brand?post=18725"},{"taxonomy":"product_cat","embeddable":true,"href":"https:\/\/www.flowersofsoul.com\/m\/wp-json\/wp\/v2\/product_cat?post=18725"},{"taxonomy":"product_tag","embeddable":true,"href":"https:\/\/www.flowersofsoul.com\/m\/wp-json\/wp\/v2\/product_tag?post=18725"}],"curies":[{"name":"wp","href":"https:\/\/api.w.org\/{rel}","templated":true}]}}