{"id":19425,"date":"2026-03-20T20:48:36","date_gmt":"2026-03-20T18:48:36","guid":{"rendered":"https:\/\/www.flowersofsoul.com\/m\/?post_type=product&#038;p=19425"},"modified":"2026-03-20T21:07:35","modified_gmt":"2026-03-20T19:07:35","slug":"set-lumanari-din-ceara-de-soia-turnate-manual-oua-de-paste-cu-flori-si-urechiuse-de-iepurasi","status":"publish","type":"product","link":"https:\/\/www.flowersofsoul.com\/m\/produs\/set-lumanari-din-ceara-de-soia-turnate-manual-oua-de-paste-cu-flori-si-urechiuse-de-iepurasi\/","title":{"rendered":"Set lum\u00e2n\u0103ri din cear\u0103 de soia turnate manual &#8211; Ou\u0103 de pa\u0219te cu flori \u0219i urechiu\u0219e de iepura\u0219i"},"content":{"rendered":"<p>Trei lum\u00e2n\u0103ri parfumate din cear\u0103 natural\u0103 de soia turnate manual, sub form\u0103 de ou\u0103 de pa\u0219te cu flori \u0219i urechiu\u0219e de iepura\u0219i.<br \/>\nGreutate net\u0103 total\u0103 lum\u00e2n\u0103ri: 300gr<br \/>\nParfumul fructat poate fi o combina\u021bie \u00eentre Mango \u0219i Fructul Pasiunii.<br \/>\nParfumul floral poate fi o combina\u021bie \u00eentre Floare de Portocal, Iris, Patchouli, Iasomie, Vanilie, Bujori \u0219i Trandafiri.<\/p>\n<p>Ceara de soia este ecologic\u0103 \u0219i 100% natural\u0103, ob\u021binut\u0103 din ulei de soia. Pentru a fi un produs 100% ecologic, folosim fitil din in \u0219i bumbac.<\/p>\n","protected":false},"excerpt":{"rendered":"<p>TVA inclus<br \/>\nLivrare \u00een 1-2 zile.<br \/>\nLivr\u0103m \u00een toat\u0103 \u021bara.<br \/>\nPentru comenzi mai mari de 300 lei, livrarea este gratuit\u0103 \u00een Bucure\u0219ti.<br \/>\nConfirmare de livrare prin SMS.<br \/>\nLum\u00e2narea este oferit\u0103 \u00een pung\u0103\/cutie de cadou.<br \/>\nFabricat\u0103 \u00een Rom\u00e2nia.<\/p>\n","protected":false},"featured_media":19430,"template":"","meta":[],"product_brand":[],"product_cat":[209,36,47],"product_tag":[308,65,187,180,307,148,249],"class_list":{"0":"post-19425","1":"product","2":"type-product","3":"status-publish","4":"has-post-thumbnail","6":"product_cat-buchete-cu-flori-carti-si-lumanari","7":"product_cat-paste-sarbatori","8":"product_cat-lumanari-din-ceara-de-soia","9":"product_tag-iepurasi","10":"product_tag-lumanare-din-ceara-de-soia","11":"product_tag-lumanare-naturala","12":"product_tag-lumanare-parfumata","13":"product_tag-oua-de-paste","14":"product_tag-paste","15":"product_tag-set-lumanari-din-ceara-de-soia-turnate-manual","17":"first","18":"instock","19":"shipping-taxable","20":"purchasable","21":"product-type-variable"},"_links":{"self":[{"href":"https:\/\/www.flowersofsoul.com\/m\/wp-json\/wp\/v2\/product\/19425","targetHints":{"allow":["GET"]}}],"collection":[{"href":"https:\/\/www.flowersofsoul.com\/m\/wp-json\/wp\/v2\/product"}],"about":[{"href":"https:\/\/www.flowersofsoul.com\/m\/wp-json\/wp\/v2\/types\/product"}],"wp:featuredmedia":[{"embeddable":true,"href":"https:\/\/www.flowersofsoul.com\/m\/wp-json\/wp\/v2\/media\/19430"}],"wp:attachment":[{"href":"https:\/\/www.flowersofsoul.com\/m\/wp-json\/wp\/v2\/media?parent=19425"}],"wp:term":[{"taxonomy":"product_brand","embeddable":true,"href":"https:\/\/www.flowersofsoul.com\/m\/wp-json\/wp\/v2\/product_brand?post=19425"},{"taxonomy":"product_cat","embeddable":true,"href":"https:\/\/www.flowersofsoul.com\/m\/wp-json\/wp\/v2\/product_cat?post=19425"},{"taxonomy":"product_tag","embeddable":true,"href":"https:\/\/www.flowersofsoul.com\/m\/wp-json\/wp\/v2\/product_tag?post=19425"}],"curies":[{"name":"wp","href":"https:\/\/api.w.org\/{rel}","templated":true}]}}