{"id":2209,"date":"2019-01-23T20:02:46","date_gmt":"2019-01-23T18:02:46","guid":{"rendered":"https:\/\/www.flowersofsoul.com\/m\/?post_type=product&#038;p=2209"},"modified":"2026-04-02T15:27:17","modified_gmt":"2026-04-02T12:27:17","slug":"mini-decoratiune-in-suport-din-scoarta-de-mesteacan","status":"publish","type":"product","link":"https:\/\/www.flowersofsoul.com\/m\/produs\/mini-decoratiune-in-suport-din-scoarta-de-mesteacan\/","title":{"rendered":"Mini decora\u021biune cu flori naturale \u00een suport din scoar\u021b\u0103 de mesteac\u0103n"},"content":{"rendered":"<p>Mini decora\u021biune \u00een suport din scoar\u021b\u0103 de mesteac\u0103n, alc\u0103tuit\u0103 din ranunculus, mini roze albe, pene de bibilic\u0103, coaj\u0103 de ou, coaj\u0103 de ou\u0103 de prepeli\u021b\u0103, crengu\u021be, licheni verzi conserva\u021bi, tillandsia \u0219i alte materiale pentru sus\u021binere.<br \/>\nDimensiune suport f\u0103r\u0103 flori: D9,5cm x H8cm<br \/>\nRecomand\u0103m plasarea comenzii cu 2-3 zile \u00een avans. Lucr\u0103m doar pe baz\u0103 de comand\u0103 pentru a oferi cele mai proaspete flori.<\/p>\n<p><strong>Cump\u0103rarea unui produs presupune c\u0103 a\u021bi citit \u0219i sunte\u021bi de acord cu termenii \u0219i condi\u021biile prezentate pe acest site.<\/strong><\/p>\n","protected":false},"excerpt":{"rendered":"<p>TVA inclus<br \/>\nDisponibil doar la comand\u0103.<br \/>\nLivr\u0103m doar \u00een Bucure\u0219ti \u0219i Ilfov.<br \/>\nPentru comenzi mai mari de 300 lei, livrarea este gratuit\u0103 \u00een Bucure\u0219ti.<br \/>\nLivr\u0103m personal la adresa stabilit\u0103.<br \/>\nConfirmare de livrare prin SMS.<br \/>\nFelicitare cadou.<\/p>\n","protected":false},"featured_media":19477,"template":"","meta":[],"product_brand":[],"product_cat":[169,36],"product_tag":[148],"class_list":{"0":"post-2209","1":"product","2":"type-product","3":"status-publish","4":"has-post-thumbnail","6":"product_cat-aranjamente-florale","7":"product_cat-paste-sarbatori","8":"product_tag-paste","10":"first","11":"instock","12":"shipping-taxable","13":"purchasable","14":"product-type-simple"},"_links":{"self":[{"href":"https:\/\/www.flowersofsoul.com\/m\/wp-json\/wp\/v2\/product\/2209","targetHints":{"allow":["GET"]}}],"collection":[{"href":"https:\/\/www.flowersofsoul.com\/m\/wp-json\/wp\/v2\/product"}],"about":[{"href":"https:\/\/www.flowersofsoul.com\/m\/wp-json\/wp\/v2\/types\/product"}],"wp:featuredmedia":[{"embeddable":true,"href":"https:\/\/www.flowersofsoul.com\/m\/wp-json\/wp\/v2\/media\/19477"}],"wp:attachment":[{"href":"https:\/\/www.flowersofsoul.com\/m\/wp-json\/wp\/v2\/media?parent=2209"}],"wp:term":[{"taxonomy":"product_brand","embeddable":true,"href":"https:\/\/www.flowersofsoul.com\/m\/wp-json\/wp\/v2\/product_brand?post=2209"},{"taxonomy":"product_cat","embeddable":true,"href":"https:\/\/www.flowersofsoul.com\/m\/wp-json\/wp\/v2\/product_cat?post=2209"},{"taxonomy":"product_tag","embeddable":true,"href":"https:\/\/www.flowersofsoul.com\/m\/wp-json\/wp\/v2\/product_tag?post=2209"}],"curies":[{"name":"wp","href":"https:\/\/api.w.org\/{rel}","templated":true}]}}