{"id":3877,"date":"2019-12-22T19:09:36","date_gmt":"2019-12-22T17:09:36","guid":{"rendered":"https:\/\/www.flowersofsoul.com\/m\/?post_type=product&#038;p=3877"},"modified":"2024-09-16T16:37:23","modified_gmt":"2024-09-16T13:37:23","slug":"aranjament-pentru-craciun-7","status":"publish","type":"product","link":"https:\/\/www.flowersofsoul.com\/m\/produs\/aranjament-pentru-craciun-7\/","title":{"rendered":"Aranjament pentru Cr\u0103ciun"},"content":{"rendered":"<p>Aranjament pentru Cr\u0103ciun realizat cu brad natural \u00een suport din ceramic\u0103, cu decora\u021biuni naturale (felii de portocale, limete, batoane de scor\u021bi\u0219oar\u0103, nuci), turt\u0103 dulce din ceramic\u0103, aripi de \u00eenger din pene naturale \u0219i decora\u021biuni din lemn (stelu\u021be din scoar\u021b\u0103 de mesteac\u0103n, figurine din lemn).<br \/>\nDimensiune suport din ceramic\u0103 f\u0103r\u0103 brad: 18cm diametru x 11cm \u00een\u0103l\u021bime<\/p>\n<p><strong>Cump\u0103rarea unui produs presupune c\u0103 a\u021bi citit \u0219i sunte\u021bi de acord cu termenii \u0219i condi\u021biile prezentate pe acest site.<\/strong><\/p>\n","protected":false},"excerpt":{"rendered":"<p>TVA inclus.<br \/>\nLivrare \u00een 1-2 zile.<br \/>\nLivr\u0103m doar \u00een Bucure\u0219ti \u0219i Ilfov.<br \/>\nPentru comenzi mai mari de 300 lei, livrarea este gratuit\u0103 \u00een Bucure\u0219ti.<br \/>\nLivr\u0103m personal la adresa stabilit\u0103.<br \/>\nConfirmare de livrare prin SMS.<br \/>\nFelicitare cadou.<\/p>\n","protected":false},"featured_media":5217,"template":"","meta":[],"product_brand":[],"product_cat":[37],"product_tag":[50,52,51],"class_list":{"0":"post-3877","1":"product","2":"type-product","3":"status-publish","4":"has-post-thumbnail","6":"product_cat-craciun-sarbatori","7":"product_tag-craciun","8":"product_tag-decoratiuni-cu-brad","9":"product_tag-sarbatori","11":"first","12":"instock","13":"shipping-taxable","14":"purchasable","15":"product-type-simple"},"_links":{"self":[{"href":"https:\/\/www.flowersofsoul.com\/m\/wp-json\/wp\/v2\/product\/3877","targetHints":{"allow":["GET"]}}],"collection":[{"href":"https:\/\/www.flowersofsoul.com\/m\/wp-json\/wp\/v2\/product"}],"about":[{"href":"https:\/\/www.flowersofsoul.com\/m\/wp-json\/wp\/v2\/types\/product"}],"wp:featuredmedia":[{"embeddable":true,"href":"https:\/\/www.flowersofsoul.com\/m\/wp-json\/wp\/v2\/media\/5217"}],"wp:attachment":[{"href":"https:\/\/www.flowersofsoul.com\/m\/wp-json\/wp\/v2\/media?parent=3877"}],"wp:term":[{"taxonomy":"product_brand","embeddable":true,"href":"https:\/\/www.flowersofsoul.com\/m\/wp-json\/wp\/v2\/product_brand?post=3877"},{"taxonomy":"product_cat","embeddable":true,"href":"https:\/\/www.flowersofsoul.com\/m\/wp-json\/wp\/v2\/product_cat?post=3877"},{"taxonomy":"product_tag","embeddable":true,"href":"https:\/\/www.flowersofsoul.com\/m\/wp-json\/wp\/v2\/product_tag?post=3877"}],"curies":[{"name":"wp","href":"https:\/\/api.w.org\/{rel}","templated":true}]}}