{"id":572,"date":"2018-10-27T22:05:52","date_gmt":"2018-10-27T19:05:52","guid":{"rendered":"http:\/\/www.flowersofsoul.com\/m\/?post_type=product&#038;p=572"},"modified":"2025-10-15T14:03:42","modified_gmt":"2025-10-15T11:03:42","slug":"lalele-albe-si-muse-night-rose","status":"publish","type":"product","link":"https:\/\/www.flowersofsoul.com\/m\/produs\/lalele-albe-si-muse-night-rose\/","title":{"rendered":"Lalele albe, lum\u00e2nare din cear\u0103 de soia \u0219i Muse Night Rose"},"content":{"rendered":"<p>   Cutie din lemn realizat\u0103 manual ce con\u021bine un buchet din 25 de lalele albe, o lum\u00e2nare parfumat\u0103 din cear\u0103 de soia, 100% natural\u0103 \u0219i o sticl\u0103 de vin Muse Night Rose.<\/p>\n<p>   Lalele pot fi albe, roz, lila, mov, galbene, portocalii, ro\u0219ii sau multicolore. \u00cen func\u021bie de stocul disponibil.<\/p>\n<p>   Colec\u021bia Reca\u0219 Muse este prezentat\u0103 \u00een dou\u0103 variante rose: Muse Night \u0219i Muse Day. Muse Night este un sortiment elegant, pl\u0103cut \u0219i u\u0219or de b\u0103ut.<br \/>\n   Note bogate \u0219i captivante de fructe ro\u0219ii, \u00eenv\u0103luite \u00een accente de fructe tropicale.<br \/>\n   Un buchet proasp\u0103t \u0219i vioi, unde se reg\u0103sesc arome de cire\u0219e, rodie, fructul pasiunii, petale de trandafir \u0219i zmeur\u0103.<br \/>\nDemisec \/ 0,75 L<\/p>\n<p>   Lum\u00e2nare parfumat\u0103 din cear\u0103 de soia, 100% natural\u0103, turnat\u0103 manual. Ceara de soia nu este cancerigen\u0103 \u015fi nu eman\u0103 compu\u015fi toxici la ardere. Este un produs ecologic. Fitilul din fibre de in \u0219i bumbac este conceput special pentru ceara vegetal\u0103.<br \/>\nGreutate net\u0103: 160 g.<br \/>\nDimensiune: 8cm \u00een\u0103l\u021bime x 9cm diametru.<br \/>\nDup\u0103 plasarea comenzii poate fi stabilit \u0219i parfumul lum\u00e2n\u0103rii.<\/p>\n<p>Recomand\u0103m plasarea comenzii cu 7 zile \u00een avans. Lucr\u0103m doar pe baz\u0103 de comand\u0103 pentru a oferi cele mai proaspete flori.<\/p>\n<p><strong>Cump\u0103rarea unui produs presupune c\u0103 a\u021bi citit \u0219i sunte\u021bi de acord cu termenii \u0219i condi\u021biile prezentate pe acest site.<\/strong><\/p>\n","protected":false},"excerpt":{"rendered":"<p>TVA inclus<br \/>\nDisponibil doar la comand\u0103.<br \/>\nLivr\u0103m doar \u00een Bucure\u0219ti \u0219i Ilfov.<br \/>\nPentru comenzi mai mari de 300 lei, livrarea este gratuit\u0103 \u00een Bucure\u0219ti.<br \/>\nLivr\u0103m personal la adresa stabilit\u0103.<br \/>\nConfirmare de livrare prin SMS.<br \/>\nFelicitare cadou.<\/p>\n","protected":false},"featured_media":15706,"template":"","meta":[],"product_brand":[],"product_cat":[169,61,37],"product_tag":[59,57,62,51,56,58],"class_list":{"0":"post-572","1":"product","2":"type-product","3":"status-publish","4":"has-post-thumbnail","6":"product_cat-aranjamente-florale","7":"product_cat-pachete-aniversare","8":"product_cat-craciun-sarbatori","9":"product_tag-1-si-8-martie","10":"product_tag-florii","11":"product_tag-pachet-aniversar","12":"product_tag-sarbatori","13":"product_tag-valentines-day","14":"product_tag-ziua-femeii","16":"first","17":"instock","18":"shipping-taxable","19":"purchasable","20":"product-type-simple"},"_links":{"self":[{"href":"https:\/\/www.flowersofsoul.com\/m\/wp-json\/wp\/v2\/product\/572","targetHints":{"allow":["GET"]}}],"collection":[{"href":"https:\/\/www.flowersofsoul.com\/m\/wp-json\/wp\/v2\/product"}],"about":[{"href":"https:\/\/www.flowersofsoul.com\/m\/wp-json\/wp\/v2\/types\/product"}],"wp:featuredmedia":[{"embeddable":true,"href":"https:\/\/www.flowersofsoul.com\/m\/wp-json\/wp\/v2\/media\/15706"}],"wp:attachment":[{"href":"https:\/\/www.flowersofsoul.com\/m\/wp-json\/wp\/v2\/media?parent=572"}],"wp:term":[{"taxonomy":"product_brand","embeddable":true,"href":"https:\/\/www.flowersofsoul.com\/m\/wp-json\/wp\/v2\/product_brand?post=572"},{"taxonomy":"product_cat","embeddable":true,"href":"https:\/\/www.flowersofsoul.com\/m\/wp-json\/wp\/v2\/product_cat?post=572"},{"taxonomy":"product_tag","embeddable":true,"href":"https:\/\/www.flowersofsoul.com\/m\/wp-json\/wp\/v2\/product_tag?post=572"}],"curies":[{"name":"wp","href":"https:\/\/api.w.org\/{rel}","templated":true}]}}